t is the highest common factor of 76044475 and 650?
325
What is the greatest common factor of 17020 and 699300?
740
What is the greatest common factor of 814518 and 179154?
666
What is the greatest common divisor of 103328667 and 1182?
591
What is the greatest common divisor of 3183860 and 80?
20
Calculate the highest common factor of 9048 and 41488473.
1131
What is the greatest common factor of 4949 and 64688379?
4949
What is the greatest common factor of 54051219 and 9177?
1311
Calculate the greatest common factor of 11 and 11679580.
11
Calculate the greatest common divisor of 8 and 34806468.
4
What is the greatest common divisor of 226412 and 33580?
92
What is the greatest common divisor of 364176 and 405?
81
Calculate the greatest common divisor of 162 and 502807176.
162
Calculate the highest common divisor of 672 and 8911776.
96
Calculate the highest common factor of 11771375 and 350.
175
What is the greatest common factor of 656 and 243472?
16
What is the highest common factor of 375 and 18557125?
125
Calculate the greatest common factor of 16345 and 974155.
35
What is the greatest common divisor of 25 and 1075836425?
25
Calculate the highest common factor of 2835 and 474598278.
567
Calculate the greatest common divisor of 428471694 and 63.
63
Calculate the greatest common divisor of 1521 and 17281719.
117
Calculate the greatest common divisor of 19544 and 178416.
56
What is the greatest common divisor of 10453239 and 34459?
2027
Calculate the highest common factor of 138 and 12094688.
46
What is the highest common divisor of 58025 and 4566925?
275
Calculate the greatest common divisor of 348291801 and 3861.
1287
What is the greatest common divisor of 4875243 and 1241?
17
What is the greatest common divisor of 132528 and 134640?
528
Calculate the highest common divisor of 93511269 and 18.
9
What is the highest common factor of 5775287 and 688?
43
Calculate the greatest common divisor of 61 and 1220693021.
61
What is the highest common divisor of 1304984 and 915624?
1256
Calculate the highest common factor of 50976 and 14112.
288
What is the greatest common factor of 118252442 and 2618?
2618
What is the highest common divisor of 10 and 5667910?
10
What is the greatest common factor of 6 and 22010550?
6
What is the greatest common factor of 14832 and 5002401?
309
Calculate the greatest common factor of 100763 and 2599.
23
Calculate the highest common divisor of 593054 and 10549.
77
Calculate the greatest common factor of 111 and 10234681.
37
Calculate the highest common divisor of 2675 and 3424963.
107
Calculate the highest common divisor of 1505139 and 101455.
103
Calculate the greatest common factor of 13232048 and 3668.
524
What is the greatest common divisor of 528364 and 74?
2
Calculate the highest common divisor of 64 and 5019632.
16
What is the highest common divisor of 94770 and 148590?
1170
What is the greatest common divisor of 912 and 355993044?
228
Calculate the highest common factor of 171742986 and 75654.
8406
Calculate the greatest common factor of 217 and 12255726.
217
What is the greatest common divisor of 16263 and 16640?
13
Calculate the highest common divisor of 30999840 and 32.
32
What is the greatest common divisor of 172 and 103288924?
172
What is the greatest common factor of 16324941 and 9889?
899
What is the highest common divisor of 753186 and 192?
6
Calculate the highest common divisor of 2389790 and 21762.
806
What is the greatest common factor of 6828660 and 43660?
1180
Calculate the greatest common divisor of 961 and 45723419.
961
Calculate the highest common divisor of 7989486 and 5934.
258
Calculate the highest common factor of 460980 and 8055.
45
What is the greatest common divisor of 3262 and 152866?
14
Calculate the highest common divisor of 1235 and 23504715.
65
Calculate the highest common factor of 354778 and 285863.
179
Calculate the greatest common divisor of 593499 and 3279.
3279
What is the greatest common factor of 2020004 and 1596?
532
Calculate the highest common divisor of 15262 and 15145.
13
Calculate the greatest common factor of 510412 and 52.
4
What is the highest common factor of 2084096 and 368704?
448
Calculate the greatest common divisor of 385924 and 8820.
196
What is the greatest common factor of 6885 and 220?
5
What is the greatest common factor of 26 and 16479658?
26
Calculate the highest common factor of 55902140 and 16860.
5620
Calculate the highest common factor of 60 and 3606456.
12
Calculate the greatest common divisor of 15317 and 1011823.
901
What is the greatest common factor of 3451 and 20576341?
493
What is the greatest common divisor of 128057 and 31043?
37
Calculate the highest common factor of 695 and 17290495.
5
What is the highest common factor of 195 and 130715?
65
What is the greatest common divisor of 2941052 and 16?
4
Calculate the highest common factor of 2865 and 14242297.
191
What is the highest common factor of 157108 and 310961?
217
Calculate the highest common divisor of 111745208 and 16.
8
What is the highest common divisor of 7601 and 661496?
11
What is the highest common divisor of 645 and 8712230?
215
What is the greatest common divisor of 970 and 251036?
194
Calculate the greatest common divisor of 15267316 and 13136.
3284
What is the highest common factor of 21714 and 22406874?
1974
What is the highest common divisor of 2487224 and 738?
82
Calculate the greatest common divisor of 1495041 and 151143.
1821
Calculate the greatest common divisor of 4526 and 783298979.
2263
Calculate the greatest common factor of 177984 and 1692496.
1648
Calculate the highest common factor of 30562 and 1380246.
826
Calculate the greatest common divisor of 1236 and 322332.
12
Calculate the greatest common divisor of 18960 and 14545.
5
Calculate the greatest common factor of 31114881 and 135.
27
Calculate the greatest common divisor of 1704 and 375944432.
568
What is the highest common factor of 10992 and 101136?
48
Calculate the greatest common factor of 315425 and 76175.
275
Calculate the greatest common divisor of 130 and 2835521.
13
Calculate the greatest common divisor of 1273 and 2832672.
19
Calculate the greatest common factor of 37044240 and 240.
240
What is the highest common factor of 36938 and 696274?
146
Calculate the greatest common factor of 442 and 2612526.
34
What is the highest common divisor of 12628 and 81816?
28
What is the greatest common factor of 1664 and 586898?
26
What is the highest common divisor of 176 and 141019760?
16
What is the highest common factor of 7456896 and 4752?
144
What is the greatest common factor of 1394 and 280358?
82
What is the highest common factor of 450 and 107075?
25
Calculate the greatest common factor of 9645 and 8010.
15
What is the greatest common factor of 1404081 and 3866139?
3933
What is the greatest common divisor of 65875 and 9129500?
3875
Calculate the highest common factor of 42441 and 18950917.
2021
What is the highest common divisor of 431832 and 60610?
38
What is the greatest common divisor of 24 and 4784676?
12
Calculate the highest common factor of 17272 and 60749942.
4318
Calculate the highest common factor of 39508758 and 72.
18
What is the highest common divisor of 119592 and 694902?
906
What is the greatest common factor of 35723 and 1554079?
257
What is the highest common factor of 41587224 and 24?
24
Calculate the highest common divisor of 27447 and 1560237.
21
Calculate the greatest common divisor of 999 and 90935.
1
What is the highest common divisor of 722404 and 249148?
1252
Calculate the highest common divisor of 39885216 and 2646.
294
What is the highest common factor of 3958059 and 867?
51
Calculate the highest common divisor of 4715106 and 4776.
1194
Calculate the highest common divisor of 3212 and 32875404.
292
What is the highest common factor of 47024506 and 38?
38
Calculate the highest common divisor of 2426019 and 27999.
51
Calculate the greatest common factor of 93012 and 57914124.
4044
What is the greatest common divisor of 186 and 14572218?
6
Calculate the greatest common factor of 677008 and 3287.
19
Calculate the greatest common divisor of 33934 and 22.
2
Calculate the highest common factor of 190520 and 283615.
2165
What is the greatest common factor of 71 and 1068601120?
71
What